on divisor of 751293 and 27?
9
What is the highest common divisor of 546 and 28119?
273
Calculate the greatest common divisor of 194145 and 840.
105
What is the highest common factor of 504 and 4352?
8
What is the highest common factor of 630 and 118062?
126
Calculate the highest common divisor of 120 and 10860.
60
What is the greatest common factor of 1728 and 702432?
864
Calculate the greatest common divisor of 1585 and 1785.
5
Calculate the greatest common divisor of 25704 and 102438.
378
Calculate the highest common divisor of 2680 and 1640.
40
Calculate the highest common factor of 17025 and 225.
75
What is the highest common divisor of 216 and 21828?
12
What is the highest common divisor of 271314 and 24?
6
What is the greatest common divisor of 5 and 482237?
1
Calculate the greatest common divisor of 19490968 and 14.
14
What is the highest common divisor of 222 and 831057?
111
What is the greatest common divisor of 740 and 2280?
20
What is the greatest common divisor of 20 and 285410?
10
Calculate the highest common divisor of 3927 and 84.
21
Calculate the greatest common divisor of 51 and 5117.
17
Calculate the greatest common divisor of 12722280 and 60.
60
What is the greatest common factor of 12 and 692?
4
Calculate the greatest common divisor of 6821 and 1273.
19
Calculate the highest common divisor of 262 and 1793128.
262
Calculate the highest common factor of 290 and 76966.
58
What is the highest common factor of 366 and 99003?
183
What is the greatest common divisor of 1817984 and 128?
128
Calculate the greatest common factor of 2368 and 3424.
32
Calculate the greatest common factor of 3768 and 52281.
471
What is the greatest common divisor of 300 and 6700?
100
Calculate the highest common factor of 25188 and 36.
12
What is the greatest common factor of 82694 and 2?
2
Calculate the highest common factor of 7674 and 234.
6
What is the highest common divisor of 266 and 308?
14
What is the highest common factor of 2052 and 9538?
38
Calculate the highest common factor of 2282766 and 12.
6
Calculate the greatest common divisor of 1190 and 20672.
34
Calculate the highest common factor of 352 and 470888.
88
What is the highest common factor of 7860 and 1245?
15
What is the greatest common factor of 40 and 860?
20
Calculate the greatest common divisor of 2656707 and 417.
417
Calculate the highest common divisor of 2430 and 2930.
10
What is the greatest common factor of 4853 and 46?
23
Calculate the highest common factor of 160402 and 26818.
506
Calculate the greatest common factor of 670817 and 7.
7
What is the greatest common divisor of 84 and 272664?
84
What is the greatest common factor of 73541 and 130?
13
Calculate the greatest common factor of 1200 and 94700.
100
Calculate the greatest common factor of 358380 and 33.
33
Calculate the greatest common factor of 3760 and 162320.
80
Calculate the greatest common divisor of 42016 and 416.
416
Calculate the greatest common factor of 10184 and 9196.
76
What is the highest common divisor of 90776 and 12?
4
Calculate the highest common factor of 1222 and 448474.
1222
Calculate the highest common factor of 416 and 16991.
13
What is the greatest common factor of 45371 and 116119?
769
What is the highest common divisor of 12016 and 112?
16
Calculate the greatest common factor of 15 and 1773.
3
What is the greatest common divisor of 10138 and 6882?
74
What is the highest common factor of 15856 and 32?
16
Calculate the greatest common factor of 2736 and 115083.
171
Calculate the greatest common divisor of 94 and 1592689.
47
What is the greatest common factor of 54 and 1402623?
27
Calculate the greatest common factor of 7732989 and 243.
243
Calculate the greatest common factor of 19 and 910138.
19
Calculate the greatest common divisor of 100324 and 140.
28
What is the highest common divisor of 2870159 and 1102?
551
What is the greatest common divisor of 847682 and 88?
22
Calculate the highest common divisor of 4732 and 11011.
91
Calculate the highest common factor of 114 and 1936005.
57
Calculate the greatest common divisor of 1021 and 813737.
1021
Calculate the highest common divisor of 2 and 23532.
2
Calculate the highest common divisor of 345 and 130295.
115
What is the highest common divisor of 1493730 and 20?
10
What is the highest common factor of 175 and 359345?
35
Calculate the highest common divisor of 5777 and 435128.
109
Calculate the greatest common divisor of 320192 and 368.
16
Calculate the greatest common divisor of 299079 and 27.
27
What is the greatest common factor of 231957 and 3124?
781
What is the highest common divisor of 17670 and 114762?
186
What is the greatest common factor of 7680 and 13312?
512
Calculate the highest common divisor of 142443 and 684.
171
Calculate the highest common factor of 68 and 61081.
17
Calculate the greatest common factor of 112 and 17948.
28
Calculate the highest common divisor of 197730 and 780.
390
What is the highest common factor of 471 and 28103?
157
Calculate the highest common divisor of 1365 and 2715.
15
What is the highest common divisor of 42 and 229458?
6
Calculate the highest common divisor of 9459 and 234.
9
What is the highest common factor of 12 and 294054?
6
What is the highest common factor of 165 and 52701?
33
What is the highest common divisor of 46 and 256358?
46
Calculate the greatest common divisor of 496316 and 381.
127
Calculate the highest common divisor of 56 and 102088.
56
Calculate the greatest common factor of 2740 and 1720.
20
What is the highest common divisor of 416 and 336973?
13
Calculate the highest common factor of 526365 and 27.
27
Calculate the highest common divisor of 1900 and 5900.
100
What is the greatest common divisor of 21744 and 2088?
72
What is the highest common divisor of 114413 and 143?
13
Calculate the highest common factor of 962 and 10764.
26
Calculate the highest common divisor of 23436 and 315.
63
What is the highest common factor of 2484 and 7420536?
828
Calculate the greatest common divisor of 15884 and 12232.
44
What is the highest common divisor of 943 and 3731?
41
Calculate the highest common factor of 2394 and 6099.
57
What is the greatest common factor of 682 and 3782?
62
Calculate the highest common factor of 13871 and 5005.
143
Calculate the greatest common divisor of 288315 and 1490.
745
Calculate the highest common factor of 1272 and 220.
4
Calculate the greatest common factor of 5868 and 20.
4
Calculate the greatest common factor of 476 and 181244.
28
What is the greatest common factor of 52 and 14339?
13
What is the highest common factor of 1986066 and 54?
54
Calculate the highest common divisor of 1117429 and 83.
83
What is the greatest common factor of 763866 and 18?
18
Calculate the greatest common divisor of 23544 and 9288.
216
What is the greatest common factor of 9500 and 725?
25
What is the highest common divisor of 1925 and 13783?
77
Calculate the greatest common divisor of 138750 and 111.
111
Calculate the greatest common factor of 12150 and 34110.
90
Calculate the greatest common factor of 58 and 953201.
29
Calculate the highest common divisor of 374408 and 408.
136
What is the highest common divisor of 15886 and 141?
47
Calculate the greatest common divisor of 110219 and 57.
19
Calculate the greatest common factor of 1758 and 4498722.
1758
Calculate the highest common factor of 120526 and 28.
14
Calculate the highest common factor of 43382 and 50794.
218
What is the greatest common divisor of 280 and 14931?
7
What is the greatest common divisor of 63 and 4041?
9
What is the greatest common factor of 18284 and 5852?
28
What is the greatest common divisor of 357610 and 10?
10
What is the greatest common divisor of 1 and 19381?
1
Calculate the greatest common divisor of 450 and 1264050.
450
What is the highest common divisor of 47445 and 6?
3
What is the highest common divisor of 70563 and 2709?
129
What is the highest common divisor of 13093 and 2?
1
What is the greatest common divisor of 77952 and 4?
4
Calculate the greatest common factor of 86184 and 270.
54
What is the highest common divisor of 191 and 34189?
191
Calculate the greatest common factor of 384 and 18976.
32
What is the greatest common factor of 3569 and 4171?
43
Calculate the greatest common factor 